3434, 7*s - 5*s = -4*l + 1388. Calculate the highest common factor of 16 and s.
16
Suppose 559 = 5*r + 1549. Let d be (1/3)/((-996)/r - 5). What is the greatest common factor of 88 and d?
11
Let a be (-16*2/10)/(2/(-5)). What is the greatest common factor of a and 36?
4
Let p(s) = 2*s**3 - 3*s**2 - s + 4. Let m be p(3). Let h(v) = v - 3. Let o be h(6). Suppose -6 = -o*r + 6. Calculate the highest common divisor of m and r.
4
Let f be ((-372)/4)/((-6)/(-4)). Let i = 99 - f. What is the greatest common divisor of i and 23?
23
Let d be ((-16)/10)/2*-5. Suppose -1 = -45*v + 179. Suppose -v*x = 5*c - 75, -69 = -d*x - 2*c - c. Calculate the greatest common divisor of x and 60.
15
Let l(m) = m**2 + 16*m + 6. Let b be l(-12). Let n be (-1 + b/(-10))/((-5)/(-25)). What is the greatest common divisor of n and 4?
4
Suppose -301 = -4*x - t + 68, 0 = 4*x + 5*t - 357. Suppose 32*s = 33*s - 51. Suppose 2*c - 11 = s. What is the greatest common factor of x and c?
31
Let a be (-1)/3 - 43245/(-135). Calculate the highest common factor of a and 10.
10
Let a(h) = h - 8. Let l be a(9). Let u be 6/12*1*16. Calculate the highest common factor of u and l.
1
Let w = 266 + -258. What is the highest common divisor of 1 and w?
1
Let s be 1/((-27)/(-36) + (-26)/40). Calculate the highest common factor of 56 and s.
2
Let f(j) = 2*j**2 - 27*j**2 + 4*j**2. Let n be f(-2). Let b = -4 - n. What is the highest common factor of b and 20?
20
Suppose -2*c + l = -20, -l + 3*l = -4*c + 56. Calculate the highest common factor of c and 240.
12
Let i(g) = 11*g**2 + g**3 - 9*g**2 - 6 - 15*g + 7*g. Let v be i(-3). Let y = 120 - 39. Calculate the greatest common divisor of v and y.
9
Let f = -51 + 396. Suppose -f = -5*i + 3*w, -3*w + 51 = i - 0*w. What is the greatest common divisor of 33 and i?
33
Let a be (-456)/(-12) + (-12)/2. What is the greatest common divisor of a and 432?
16
Let f be ((-6)/8)/((-1)/112 + 0). Let a be 14175/f - (-2)/8. What is the greatest common divisor of 13 and a?
13
Let x = -41 + 3. Let b = -34 - x. What is the greatest common factor of b and 12?
4
Let j(u) = -u**3 + 58*u**2 + 268*u + 138. Let a be j(62). Calculate the greatest common factor of 78 and a.
26
Let z(v) = 3*v - 2. Let t be z(5). Suppose 0 = 2*f - 5*f - 4*p - 22, 0 = -f + p - 5. Let w = t + f. Calculate the highest common divisor of w and 7.
7
Suppose -68 - 78 = -4*a - 2*o, -2*o - 134 = -4*a. What is the highest common divisor of 7 and a?
7
Let l(w) = 2*w + 25. Let n be l(19). What is the highest common divisor of 9 and n?
9
Let r be 8/(5/10*20)*340. What is the greatest common divisor of r and 221?
17
Suppose -16*b + 32*b = 720. Suppose 4*d - b = -d. Suppose 6 = 4*t - 3*p - 12, 3*t + 3*p = 3. Calculate the greatest common factor of t and d.
3
Suppose -3*d - 41 - 15 = -f, 4*f + 5*d - 224 = 0. What is the greatest common factor of f and 644?
28
Let s be (0/(-3))/(-5 - -7). Suppose s*i + 186 = 3*i. Let z = i - 30. What is the greatest common divisor of z and 32?
32
Let q(p) = 51*p - 440. Let g be q(9). What is the greatest common factor of 2774 and g?
19
Suppose -2*g - 2*z = -134, g + z - 59 = 2*z. What is the highest common factor of 147 and g?
21
Let k = 105 - 49. Let j = -1215 - -1223. Calculate the greatest common factor of j and k.
8
Let d be (3/9)/((-1)/(-9)). Suppose -2*t + d*n = -n - 58, 2*t - 26 = -4*n. Let x = 48 - t. What is the highest common factor of 243 and x?
27
Suppose 3*t + 96 = 9. Let x = t - -34. Let u(m) = 3*m**3 - 3*m**2 - m + 4. Let w be u(3). Calculate the greatest common factor of w and x.
5
Suppose -3427 = -5*z - 2*w, 3*z - 311 = -2*w + 1742. Calculate the greatest common factor of z and 3.
3
Let g = -192 + 328. Calculate the greatest common divisor of g and 17.
17
Suppose -n + 1 = -6. Let o(p) = -p**2 - 2*p + 7. Let g be o(0). Calculate the highest common divisor of g and n.
7
Suppose -3*z + 3*m = 9, -z - m - 11 = 2*m. Let x = 1 - z. Let a be 3/(-6)*x + 107. What is the greatest common divisor of a and 13?
13
Let k(v) = 103*v**2 + 4*v + 3. Suppose 33 = 5*d + 38. Let h be k(d). What is the greatest common factor of 6 and h?
6
Suppose 0 = 2*n - 0*p + 5*p - 76, -p = -4*n + 130. Suppose -5*z - 3*x = -85, -6*z + 4*z + n = x. What is the highest common divisor of z and 126?
14
Suppose 21*u - 660 = 10*u. What is the greatest common factor of u and 25?
5
Let y = -10 - -19. Suppose -y*c = -8*c - 17. What is the highest common divisor of 17 and c?
17
Suppose 0 = 2*j - 7*j + 875. Let c be j + (-1 + 3 - 3/1). Calculate the greatest common divisor of c and 29.
29
Suppose 7*c - 9*c = 6. Let d(q) = -5*q**2 + 2*q - 1. Let w be d(c). Let a = -33 - w. Calculate the greatest common factor of a and 209.
19
Suppose 0 = -35*j - 0*j + 3780. Calculate the greatest common divisor of 135 and j.
27
Let u be ((1 - -2) + 8)*(-3 - -5). Let d be 2418/10 + (-7)/(-35). What is the highest common factor of d and u?
22
Suppose 3*p - 43 = 4*t + 27, -p = 2*t - 20. Let w be -93*(-2)/6 - -2. Calculate the highest common divisor of p and w.
11
Suppose 2*x - 12 = 4*g, -x = -0*x + 4*g. Calculate the highest common factor of x and 32.
4
Suppose 0 = -5*h - 5*v - 485, h + 142 = v + 35. Let k = h + 105. Calculate the greatest common factor of k and 7.
1
Let m = -5658 - -9138. What is the highest common factor of m and 60?
60
Suppose -40*k = -27*k - 1 - 38. Suppose c = 25 - 4. What is the highest common factor of c and k?
3
Suppose -a = 2*a + 186. Let v = 71 + a. What is the highest common factor of v and 63?
9
Suppose -296 + 46 = -10*d. Suppose 4*l - d = 19. Suppose -b + 46 = 13. What is the greatest common divisor of b and l?
11
Suppose -40*d + 751 + 489 = 0. Calculate the highest common divisor of d and 1054.
31
Suppose 2*m - 6 = -2*f, 0*m - 43 = -5*f + 2*m. Let s be f/(-42) - (-1 - 1209/18). Calculate the greatest common divisor of 102 and s.
34
Suppose i - 1728 = -15*i. Calculate the greatest common factor of 8 and i.
4
Let f = -116 + 116. Suppose -4*u - 1 = -2*q - 21, -3*u + q + 15 = f. Calculate the highest common factor of u and 1.
1
Suppose -5*j + 5*i + 25 = 0, 23*i - 18*i - 11 = -j. What is the greatest common factor of j and 123?
3
Suppose -3*i = -3, z - 4*i = i + 346. Suppose 0 = 2*a - 5*b - z, a - 2*b = b + 177. Let q = 39 + -15. What is the greatest common factor of a and q?
24
Suppose 0 = -6*j - 2*j + 104. Let l = -43 - -95. What is the highest common factor of l and j?
13
Let d(p) = -23*p + 3. Let q be d(-1). What is the greatest common factor of 104 and q?
26
Let k(g) = -17*g + 13. Let f be k(-7). Suppose -6*q + 192 = -f. Calculate the greatest common divisor of q and 6.
6
Let h(i) = i - 10. Let c be -1*3 + (3 - -10). Let r be h(c). Let j be 0 + r - (-3)/1. Calculate the greatest common divisor of 1 and j.
1
Let m(n) = -n**3 - n**2 + 44*n + 40. Let y be m(-8). Let o(f) = 2*f + 3. Let l be o(7). What is the highest common divisor of l and y?
17
Let u = 4112 - 4072. Suppose 2*n = 5*n - 48. Calculate the highest common factor of u and n.
8
Let g be (4 + 1)*(-32)/40. Let u be (-11)/g - 6/8. Let r be -3 + (8 - 3) + 0. What is the highest common divisor of r and u?
2
Let z = -538 - -558. Calculate the highest common divisor of z and 130.
10
Let c(t) = -t**2 - 6*t - 6. Let h be c(-6). Let j be (-11)/(-33) + (-586)/h. Calculate the highest common divisor of 14 and j.
14
Let w be -7 + 37 + -5 + 6. Let u(r) = -25*r**2 - 2*r - 2. Let q be u(4). Let f = q - -627. Calculate the greatest common divisor of f and w.
31
Let l be 6/4*(-1484)/(-159). Calculate the greatest common factor of l and 63.
7
Let a(q) = -q - 1. Let h be a(-3). Let i(r) = -3*r**h - 1 - 2 + r**3 + r - 1. Let z be i(4). Calculate the highest common divisor of z and 176.
16
Let p = 304 + -258. What is the greatest common divisor of p and 207?
23
Suppose -2*l + 972 - 58 = 0. Suppose 3 = -4*u - 1, -3*j = 5*u - l. Let a = j - 106. Calculate the greatest common divisor of a and 32.
16
Let g be 1 + (3/(-3) - -3). Let k be g/9 - (-210)/18. Calculate the greatest common divisor of k and 48.
12
Let y(r) = r**3 - 18*r**2 - 13*r - 120. Let f be y(20). Calculate the greatest common divisor of 14 and f.
14
Suppose -10*y - 1062 = -4*y. Let m = 384 + y. What is the greatest common factor of m and 23?
23
Suppose 42 = x - 3*u, -u - 2 + 4 = 0. What is the greates